20300?
True
Does 70 divide 2986?
False
Is 15 a factor of 240?
True
Is 54 a factor of 18360?
True
Is 6318 a multiple of 39?
True
Is 17201 a multiple of 25?
False
Is 10385 a multiple of 31?
True
Does 86 divide 2059?
False
Does 140 divide 26134?
False
Does 2 divide 523?
False
Is 18421 a multiple of 14?
False
Does 26 divide 1116?
False
Does 12 divide 84?
True
Is 16 a factor of 19904?
True
Is 3 a factor of 2478?
True
Is 8 a factor of 99?
False
Does 64 divide 64?
True
Is 32816 a multiple of 90?
False
Does 10 divide 5593?
False
Does 22 divide 22?
True
Is 13 a factor of 167037?
True
Is 1544 a multiple of 12?
False
Does 5 divide 4415?
True
Does 70 divide 3780?
True
Is 913 a multiple of 11?
True
Does 25 divide 775?
True
Is 34644 a multiple of 55?
False
Is 179 a multiple of 9?
False
Is 57 a factor of 12411?
False
Is 5 a factor of 9355?
True
Is 16 a factor of 1056?
True
Is 176 a multiple of 8?
True
Does 14 divide 3962?
True
Is 26 a factor of 22334?
True
Is 23 a factor of 17568?
False
Does 65 divide 195?
True
Is 18 a factor of 628?
False
Does 73 divide 10847?
False
Is 5805 a multiple of 45?
True
Is 12568 a multiple of 4?
True
Is 9 a factor of 131?
False
Is 60 a factor of 37080?
True
Is 9 a factor of 1996?
False
Does 11 divide 177?
False
Does 3 divide 294?
True
Is 11 a factor of 768?
False
Does 39 divide 1428?
False
Does 2 divide 189?
False
Does 21 divide 47033?
False
Is 13 a factor of 929?
False
Is 8 a factor of 10539?
False
Is 30906 a multiple of 102?
True
Is 23 a factor of 3033?
False
Is 40 a factor of 840?
True
Is 16 a factor of 4371?
False
Does 32 divide 6912?
True
Is 119 a factor of 2142?
True
Is 1481 even?
False
Is 10998 a multiple of 12?
False
Is 943 a multiple of 41?
True
Is 847 even?
False
Is 256 a multiple of 7?
False
Is 746 a multiple of 2?
True
Is 10 a factor of 180?
True
Does 19 divide 247?
True
Is 1205 a multiple of 16?
False
Is 3188 a multiple of 5?
False
Is 4 a factor of 989?
False
Does 32 divide 7615?
False
Is 91 a factor of 2483?
False
Is 294 a multiple of 49?
True
Does 32 divide 547?
False
Is 209 a factor of 6897?
True
Is 4107 a multiple of 37?
True
Does 29 divide 1707?
False
Does 13 divide 5023?
False
Does 88 divide 27606?
False
Does 3 divide 9249?
True
Does 226 divide 17628?
True
Is 6 a factor of 147?
False
Is 1972 a multiple of 58?
True
Is 23192 a multiple of 25?
False
Does 10 divide 81650?
True
Is 108 a multiple of 27?
True
Is 1690 a multiple of 169?
True
Is 22105 a multiple of 9?
False
Is 2500 a multiple of 94?
False
Is 14 a factor of 42?
True
Is 54924 a multiple of 199?
True
Is 5 a factor of 519?
False
Is 4289 a multiple of 27?
False
Is 16 a factor of 15760?
True
Does 25 divide 1700?
True
Does 8 divide 378?
False
Is 2926 a multiple of 76?
False
Is 14 a factor of 16800?
True
Is 48 a factor of 528?
True
Is 31 a factor of 682?
True
Does 16 divide 1136?
True
Is 7 a factor of 332?
False
Is 171 a multiple of 57?
True
Does 18 divide 15746?
False
Is 100 a multiple of 53?
False
Is 16 a factor of 1460?
False
Is 19 a factor of 8768?
False
Does 8 divide 205?
False
Is 8 a factor of 352?
True
Is 1160 a multiple of 29?
True
Does 122 divide 40114?
False
Is 34 a factor of 869?
False
Does 16 divide 36416?
True
Is 950 a multiple of 95?
True
Is 28 a factor of 103?
False
Is 26 a factor of 3666?
True
Is 12067 a multiple of 14?
False
Is 1147 a multiple of 57?
False
Is 2 a factor of 241?
False
Is 1625 a multiple of 25?
True
Is 15840 a multiple of 12?
True
Is 5 a factor of 105?
True
Is 99 a multiple of 33?
True
Is 33036 a multiple of 12?
True
Does 21 divide 231?
True
Is 768 a multiple of 24?
True
Does 18 divide 87196?
False
Does 15 divide 45280?
False
Does 15 divide 585?
True
Is 30 a factor of 180?
True
Is 7092 a multiple of 18?
True
Is 801 a multiple of 9?
True
Is 56 a factor of 8041?
False
Is 763 a multiple of 23?
False
Is 9 a factor of 90?
True
Is 1150 a multiple of 5?
True
Is 118 a multiple of 35?
False
Does 8 divide 10386?
False
Is 66759 a multiple of 119?
True
Is 40668 a multiple of 108?
False
Is 55 a factor of 1661?
False
Is 880 a multiple of 6?
False
Does 17 divide 2667?
False
Is 24 a factor of 23301?
False
Is 80 a factor of 2480?
True
Is 8 a factor of 944?
True
Is 220 a factor of 11846?
False
Does 2 divide 42?
True
Is 303 a multiple of 38?
False
Is 8 a factor of 316?
False
Is 48 a factor of 1488?
True
Is 10220 a multiple of 73?
True
Does 13 divide 2340?
True
Is 5615 a multiple of 307?
False
Does 28 divide 812?
True
Is 845 a multiple of 65?
True
Does 4 divide 4816?
True
Is 167 a multiple of 4?
False
Is 651 a multiple of 3?
True
Does 13 divide 11474?
False
Is 11 a factor of 21144?
False
Does 3 divide 4651?
False
Is 50 a factor of 36550?
True
Does 66 divide 5876?
False
Does 20 divide 523?
False
Is 3248 a multiple of 112?
True
Is 17 a factor of 1615?
True
Does 9 divide 981?
True
Is 56 a factor of 683?
False
Does 16 divide 1490?
False
Is 4 a factor of 20?
True
Does 31 divide 3689?
True
Is 3014 a multiple of 137?
True
Is 44 a factor of 88?
True
Is 65659 a multiple of 190?
False
Is 3 a factor of 139?
False
Does 59 divide 12939?
False
Does 8 divide 76136?
True
Does 12 divide 3780?
True
Does 4 divide 222?
False
Is 37295 a multiple of 228?
False
Is 29 a factor of 9483?
True
Does 51 divide 1734?
True
Does 49 divide 8771?
True
Does 65 divide 156?
False
Does 6 divide 24312?
True
Does 10 divide 1227?
False
Does 30 divide 2940?
True
Is 11 a factor of 2109?
False
Is 99 a factor of 3454?
False
Is 43 a factor of 2623?
True
Does 15 divide 555?
True
Is 47 a factor of 206?
False
Is 4711 a multiple of 64?
False
Is 16 a factor of 4352?
True
Does 9 divide 571?
False
Is 5 a factor of 285?
True
Is 1900 a multiple of 25?
True
Does 107 divide 749?
True
Does 87 divide 7134?
True
Is 57 a factor of 5529?
True
Is 71 a factor of 3124?
True
Is 53 a factor of 56?
False
Is 35 a factor of 494?
False
Is 22 a factor of 44?
True
Is 969 a multiple of 24?
False
Is 2581 a multiple of 44?
False
Is 31 a factor of 900?
False
Is 15 a factor of 41685?
True
Is 1800 a multiple of 30?
True
Is 64 a factor of 516?
False
Does 25 divide 50?
True
Is 118 a factor of 3085?
False
Does 35 divide 137?
False
Does 8 divide 3548?
False
Does 12 divide 6276?
True
Is 160 a multiple of 5?
True
Is 8840 a multiple of 34?
True
Is 475 a multiple of 25?
True
Is 1001 a multiple of 13?
True
Is 2462 a multiple of 29?
False
Does 6 divide 109?
False
Is 20 a factor of 49996?
False
Is 97 a factor of 1067?
True
Does 61 divide 1938?
False
Is 40 a factor of 54656?
False
Is 82419 a multiple of 16?
False
Is 61 a factor of 112789?
True
Is 19737 a multiple of 153?
True
Is 173 a multiple of 19?
False
Does 39 divide 3984?
False
Is 84 a factor of 58632?
True
Does 70 divide 15470?
True
Is 117 a factor of 1137?
False
Is 175 a multiple of 5?
True
Does 17 divide 34765?
True
Does 26 divide 2507?
False
Is 29280 a multiple of 60?
True
Is 23 a factor of 13754?
True
Is 17 a factor of 9418?
True
Does 5 divide 8676?
False
Is 39 even?
False
Does 101 divide 27444?
False
Is 15 a factor of 31838?
False
Is 17 a factor of 44542?
False
Is 12 a factor of 2532?
True
Is 1708 a multiple of 5?
False
Is 32 a factor of 963?
False
Is 4784 a multiple of 52?
True
Does 10 divide 66950?
True
Does 6 divide 49?
False
Is 104 a multiple of 19?
False
Is 17 a factor of 3559?
False
Is 219 a factor of 50589?
True
Does 18 divide 63821?
False
Is 333 a multiple of 9?
True
Is 7 a factor of 7816?
False
Does 329 divide 16579?
False
Is 12 a factor of 3756?
True
Does 10 divide 14490?
True
Is 10 a factor of 570?
True
Is 9 a factor of 359?
False
Is 20 a factor of 23840?
True
Is 99 a factor of 33434?
False
Is 14336 a multiple of 56?
True
Is 474 a multiple of 28?
False
Is 56 a factor of 728?
True
Is 502 a multiple of 30?
False
Is 3 a factor of 216?
True
Is 39 a factor of 28041?
True
Is 31 a factor of 369?
False
Is 5 a factor of 199?
False
Is 42 a factor of 630?
True
Does 14 divide 79?
False
Does 13 divide 182?
True
Does 20 divide 2900?
True
Is 2565 a multiple of 9?
True
Is 45 a factor of 7120?
False
Is 24 a factor of 384?
True
Is 5214 a multiple of 158?
True
Is 108 even?
True
Is 6676 a multiple of 45?
False
Is 14915 a multiple of 51?
False
Is 71 a factor of 6745?
True
Does 24 divide 4488?
True
Is 8 a factor of 252?
False
Is 29025 a multiple of 45?
True
Does 35 divide 48592?
False